 -2*c + 5*g + 7 = 0, 3*g = m - 0. What is the remainder when 174 is divided by c?
14
Suppose 3*d = l - 602, -l - 186 = -2*d - 794. Calculate the remainder when 1251 is divided by l.
11
Let w = -9391 - -9472. Calculate the remainder when 2115 is divided by w.
9
Let k = 222 + -148. Suppose 5*q + k = -3*x - 0*q, 14 = -x + q. Calculate the remainder when ((-20)/(-6))/((-4)/x) is divided by 7.
1
Let d(x) = -3*x + 74. Let q be d(25). Suppose 0 = -2*w - i + 2*i + 37, 4*i = 4*w - 76. Calculate the remainder when w is divided by (-108)/(-27) - 2*q/(-2).
0
Suppose 3*g - 5*r - 3 - 14 = 0, 1 = -r. Calculate the remainder when 810 is divided by g.
2
Suppose -2*q + 51 - 15 = 0. Suppose 12*k + 369 = 15*k. What is the remainder when k is divided by (-129)/(-9) + (-6)/q?
11
Let d be 3/(-30) - (-246)/60 - 152. Let q = d - -172. Let f = -40 + 132. What is the remainder when f is divided by q?
20
Suppose -73*m + 69*m - 785892 = -162*m. What is the remainder when m is divided by 1657?
3
Let l = -1281 - -1294. Let a = -2 - -5. Suppose -n = -a*n + 6. Calculate the remainder when l is divided by n.
1
Suppose -92*l + 178*l - 91*l + 35 = 0. What is the remainder when l is divided by 3?
1
Suppose 0 = 4*q - 2650 - 1434. Suppose 2*i - 4281 + q = 0. Suppose 0 = 8*c + 158 - i. Calculate the remainder when c is divided by 37.
36
Let j(l) = -4*l + 1533. What is the remainder when j(81) is divided by 152?
145
Let o = -1512 - -1653. What is the remainder when 280 is divided by o?
139
Suppose -359 = -b - y, -1434 = -10*b + 6*b - 2*y. Calculate the remainder when b is divided by 36.
34
Let c(o) = o**3 - 47*o**2 + 93*o - 60. What is the remainder when 330 is divided by c(45)?
30
Let t = 114 + -43. Suppose -t + 29 = -3*x. Let h = 12 - -39. Calculate the remainder when h is divided by x.
9
Let o = -851 + 867. What is the remainder when 582 is divided by o?
6
Let h = -9 + 26. Let y(f) = 135*f**2 + 5934*f + 24. What is the remainder when y(-44) is divided by h?
16
Let x(t) = -10*t + 73. Let d be x(7). Suppose -d*s = -5*a - 46, 5*s - 34 = 4*s - 3*a. Calculate the remainder when 591 is divided by s.
19
Let o(s) = s**3 - 16*s**2 + 19*s - 17. Let u(d) = 7*d**2 - 3*d + 2. What is the remainder when o(15) is divided by u(1)?
1
Let f(t) be the second derivative of 1/6*t**4 + 0 - 2*t**3 + 19*t + 13/2*t**2. What is the remainder when 224 is divided by f(8)?
44
What is the remainder when -15*(-15678)/455 - (-2)/14 is divided by 174?
169
Suppose 68 = 4*k - 4*r, -4*k = -7*r + 4*r - 66. Suppose 40 = -11*m + k*m. Calculate the remainder when 124 is divided by ((-50)/4)/(m/(-20)).
24
Let o = 2355 + -2312. Calculate the remainder when 100 is divided by o.
14
Suppose j - 28 = 71. Let w(r) = r**3 + 12*r**2 - 19*r - 52. What is the remainder when j is divided by w(-13)?
21
Suppose 28 = k + 2*m, 4*k = -83*m + 78*m + 124. Calculate the remainder when 2513 is divided by k.
29
Let x(g) = -22*g**3 + g**2 - 3*g - 3. Let p be x(-2). Calculate the remainder when (1 + p/6)*2 is divided by 20/(-85) + (-1644)/(-51).
31
Let s = 88 - 88. What is the remainder when 551 is divided by 5 + -6 + 9 + s?
7
Let z = -989 - -1175. What is the remainder when z is divided by 17?
16
Let a = 1657 - 707. Let q = a + -663. What is the remainder when q is divided by 29?
26
Suppose 32 = -m + 5*m. Let k be ((-2)/(-7))/((-4)/(-56)). Suppose 4*j = 3*h + 236, -2 = 2*j + k*h - 142. What is the remainder when j is divided by m?
6
Calculate the remainder when 43/(2 - 4/4) + 6 is divided by (-10*3/12)/(1/(-4)).
9
Let m = -32 + 42. Let i be (3 - 2 - -71) + m + -10. Suppose 0*x - 2*x = -i. Calculate the remainder when x is divided by 13.
10
Let r(l) = -2*l**2 + 15*l + 8. What is the remainder when ((-2)/(6*-1))/(95/11400) is divided by r(7)?
10
Suppose -5*o - 19*o + 2574 = 2*o. What is the remainder when 156 is divided by o?
57
Let c(p) = -2*p**3 + 3*p**2 - 2*p + 4. Let a be c(-4). Suppose -z + 2*x = -47, -37*z + 2*x = -33*z - a. Calculate the remainder when 81 is divided by z.
34
Suppose -13*b = -18*b. Suppose b = -7*u - 13 + 167. Calculate the remainder when u is divided by (-4)/(-14) - (-94)/14.
1
Suppose 0 = 3807*k - 3818*k + 1705. Suppose 23 + 16 = q. Calculate the remainder when k is divided by q.
38
Suppose 3*p + 3*u - 174 = 153, 0 = p - u - 115. Suppose 3*b - 59 = 2*b. What is the remainder when p is divided by b?
53
What is the remainder when (7/(56/(-1730)))/((-170)/408) is divided by 299?
220
Suppose -l + 2*x = -10, 0 = -3*x + 5 + 1. Suppose -5*d + l + 16 = 0. Calculate the remainder when (7428/(-140) - 34/(-595))*-1 is divided by d.
5
Let s(r) = 9*r**2 + 71*r + 59. What is the remainder when 560 is divided by s(-8)?
24
Let f = -176 - -108. What is the remainder when (-4)/((-96)/536)*3 is divided by (-3 + 4)/((-2)/f)?
33
Let p = -4174 - -4298. What is the remainder when 2106 is divided by p?
122
Suppose 0 = -28*y + 231 + 665. What is the remainder when y is divided by 108/12 - (-1 + 0)?
2
Let n = 16701 + -15894. What is the remainder when n is divided by 22?
15
Suppose 2*x = k - 11, 44*k = 40*k - x + 17. Suppose 408 = 9*v - k*v. Calculate the remainder when v is divided by 15.
12
Let l(y) = 287*y - 268. Calculate the remainder when l(2) is divided by 667/46 + 2/(-4).
12
Let r = 9 - 20. Let c = -7 - r. Suppose -c*x + x = 4*f - 43, -5*f + 77 = -4*x. Calculate the remainder when 49 is divided by f.
10
Suppose 5*f - 5525 = -25*d + 20*d, f - 1105 = -4*d. What is the remainder when f is divided by 102?
85
Let o(s) be the third derivative of s**5/60 + 23*s**4/24 + 32*s**3/3 + 67*s**2 + 2*s. Calculate the remainder when 302 is divided by o(-20).
2
Suppose -5*h + 3*r = -763, 53*h - 3*r + 301 = 55*h. Calculate the remainder when 446 is divided by h.
142
Let k be 28/35 + 2211/5. Suppose -2*z + 106 = 2*x - 128, k = 4*z - x. What is the remainder when z is divided by 21 - (1 - (3 - 0))?
20
Suppose -205*d + 161*d + 84436 = 0. Calculate the remainder when 3847 is divided by d.
9
Let r = 6382 - 6188. What is the remainder when r is divided by 19?
4
Suppose -76*y + 6*y + 8822 = -22958. What is the remainder when y is divided by 454?
0
Let g = -7 + 40. What is the remainder when 6*(-1358)/(-224)*(-224)/(-42) is divided by g?
29
Suppose -5*i + 6390 = 4*y, -5*y + 11*i = 10*i - 7973. Suppose 125 + y = 20*r. What is the remainder when 422 is divided by r?
78
Suppose -z - 5*x = -484, -479 = 6*z - 7*z - 4*x. What is the remainder when 1841 is divided by z?
5
Let b = -180 - -258. Let h = 27 + -83. Let p = b + h. Calculate the remainder when 109 is divided by p.
21
Let p(v) = -62*v + 4960. What is the remainder when p(72) is divided by 128?
112
Let w be 0*(6/(-2) - (-7 - -5)). Suppose 4*x + 9 - 21 = w. Suppose 3*m - a = -37 + 215, 5*m + x*a - 306 = 0. Calculate the remainder when m is divided by 9.
6
Let z be 1 + (-77)/(-22)*(-148)/(-14). Suppose -4*y + y + z = -l, 2*y = 4*l + 42. Suppose -2*v + 3 = -v. What is the remainder when y is divided by v?
2
Suppose -15*z + 356 = -7 - 12. Calculate the remainder when 3095 is divided by z.
20
Suppose 421 = 4*d + 5*b, 28*d = 25*d + b + 311. Calculate the remainder when d is divided by 80.
24
Suppose x - 2*b + 14 = 0, -26 = 5*x + b - 0*b. Let r(v) = -3*v**2 - 4*v + 19. Let z be r(x). Let d = 2 - z. Calculate the remainder when d is divided by 35.
32
Suppose 0*m - 3*a + 388 = 2*m, -2*m + 390 = 4*a. Let w = 216 - m. Calculate the remainder when 110 is divided by w.
10
Let b(w) be the second derivative of w**4/12 + w**3/2 + 11*w**2 + 770*w. Let r = -15 + 8. What is the remainder when b(r) is divided by 20?
10
Let j(i) = 2*i**3 - 38*i**2 + 9*i - 119. What is the remainder when 762 is divided by j(19)?
34
Let l = 13429 - 13072. What is the remainder when l is divided by 127?
103
Let u(v) = -40*v + 2. Let f be u(-2). Let t be (1/2)/((-6)/612). Let d = f + t. What is the remainder when d is divided by 12?
7
Suppose 0 = -5*q - 18*n + 14*n + 1660, -q + 3*n = -351. Let c = -322 + q. Calculate the remainder when 40 is divided by c.
12
Suppose 0 = m - 50 - 42. Calculate the remainder when 112/(-2)*(-4)/8 is divided by (-16)/120 + m/15.
4
Suppose 113 = -4*x + 3*k - 70, -3*k + 231 = -5*x. Let l = x - -99. What is the remainder when 304 is divided by l?
49
Let u(t) = -15*t + 2. Suppose 54*q = 74*q + 20. Suppose -5*z + 34 = 2*c, 